{"id":1451,"date":"2023-08-07T10:48:15","date_gmt":"2023-08-07T08:48:15","guid":{"rendered":"http:\/\/savoiedefemme.fr\/?page_id=1451"},"modified":"2024-10-28T14:23:15","modified_gmt":"2024-10-28T13:23:15","slug":"savoie-de-femme-le-podcast","status":"publish","type":"page","link":"https:\/\/savoiedefemme.fr\/index.php\/savoie-de-femme-le-podcast\/","title":{"rendered":"Le podcast"},"content":{"rendered":"<div class=\"wp-block-image\">\n<figure class=\"alignleft size-full is-resized\"><a href=\"https:\/\/soundcloud.com\/savoie-defemme\"><img loading=\"lazy\" decoding=\"async\" width=\"500\" height=\"500\" src=\"https:\/\/savoiedefemme.fr\/wp-content\/uploads\/2024\/01\/logo_podcast-removebg-preview.png\" alt=\"\" class=\"wp-image-1648\" style=\"width:342px;height:auto\" srcset=\"https:\/\/savoiedefemme.fr\/wp-content\/uploads\/2024\/01\/logo_podcast-removebg-preview.png 500w, https:\/\/savoiedefemme.fr\/wp-content\/uploads\/2024\/01\/logo_podcast-removebg-preview-300x300.png 300w, https:\/\/savoiedefemme.fr\/wp-content\/uploads\/2024\/01\/logo_podcast-removebg-preview-150x150.png 150w, https:\/\/savoiedefemme.fr\/wp-content\/uploads\/2024\/01\/logo_podcast-removebg-preview-75x75.png 75w\" sizes=\"auto, (max-width: 500px) 100vw, 500px\" \/><\/a><\/figure>\n<\/div>\n\n\n<p>Du t\u00e9moignage de la directrice \u00e0 celui des intervenantes sociales, en passant par celui des b\u00e9n\u00e9voles : l&rsquo;association sera pr\u00e9sent\u00e9e sous toutes ces facettes.<\/p>\n\n\n\n<p>Ce podcast a \u00e9galement pour but de sensibiliser aux violences au sein du couple et \u00e0 leurs m\u00e9canismes, cons\u00e9quences et impacts sur les victimes.<\/p>\n\n\n\n<iframe loading=\"lazy\" width=\"100%\" height=\"166\" scrolling=\"no\" frameborder=\"no\" allow=\"autoplay\" src=\"https:\/\/w.soundcloud.com\/player\/?url=https%3A\/\/api.soundcloud.com\/tracks\/1552585027&#038;color=%23d05300&#038;auto_play=false&#038;hide_related=false&#038;show_comments=true&#038;show_user=true&#038;show_reposts=false&#038;show_teaser=true\"><\/iframe><div style=\"font-size: 10px; color: #cccccc;line-break: anywhere;word-break: normal;overflow: hidden;white-space: nowrap;text-overflow: ellipsis; font-family: Interstate,Lucida Grande,Lucida Sans Unicode,Lucida Sans,Garuda,Verdana,Tahoma,sans-serif;font-weight: 100;\"><a href=\"https:\/\/soundcloud.com\/savoie-defemme\" title=\"SaVoie de femme\" target=\"_blank\" style=\"color: #cccccc; text-decoration: none;\" rel=\"noopener\">SaVoie de femme<\/a> \u00b7 <a href=\"https:\/\/soundcloud.com\/savoie-defemme\/episode-1-bienvenue-sur-le-podcast-de-savoie-de-femme\" title=\"\u00c9pisode  1 : Bienvenue sur le podcast de SaVoie de femme\" target=\"_blank\" style=\"color: #cccccc; text-decoration: none;\" rel=\"noopener\">\u00c9pisode  1 : Bienvenue sur le podcast de SaVoie de femme<\/a><\/div>\n\n\n\n<iframe loading=\"lazy\" width=\"100%\" height=\"166\" scrolling=\"no\" frameborder=\"no\" allow=\"autoplay\" src=\"https:\/\/w.soundcloud.com\/player\/?url=https%3A\/\/api.soundcloud.com\/tracks\/1552957240&#038;color=%23d05300&#038;auto_play=false&#038;hide_related=false&#038;show_comments=true&#038;show_user=true&#038;show_reposts=false&#038;show_teaser=true\"><\/iframe><div style=\"font-size: 10px; color: #cccccc;line-break: anywhere;word-break: normal;overflow: hidden;white-space: nowrap;text-overflow: ellipsis; font-family: Interstate,Lucida Grande,Lucida Sans Unicode,Lucida Sans,Garuda,Verdana,Tahoma,sans-serif;font-weight: 100;\"><a href=\"https:\/\/soundcloud.com\/savoie-defemme\" title=\"SaVoie de femme\" target=\"_blank\" style=\"color: #cccccc; text-decoration: none;\" rel=\"noopener\">SaVoie de femme<\/a> \u00b7 <a href=\"https:\/\/soundcloud.com\/savoie-defemme\/nathalie-svdf-29062023-1815\" title=\"\u00c9pisode  2 : Nathalie Garrera, Directrice\" target=\"_blank\" style=\"color: #cccccc; text-decoration: none;\" rel=\"noopener\">\u00c9pisode  2 : Nathalie Garrera, Directrice<\/a><\/div>\n\n\n\n<iframe loading=\"lazy\" width=\"100%\" height=\"166\" scrolling=\"no\" frameborder=\"no\" allow=\"autoplay\" src=\"https:\/\/w.soundcloud.com\/player\/?url=https%3A\/\/api.soundcloud.com\/tracks\/1552966417&#038;color=%23d05300&#038;auto_play=false&#038;hide_related=false&#038;show_comments=true&#038;show_user=true&#038;show_reposts=false&#038;show_teaser=true\"><\/iframe><div style=\"font-size: 10px; color: #cccccc;line-break: anywhere;word-break: normal;overflow: hidden;white-space: nowrap;text-overflow: ellipsis; font-family: Interstate,Lucida Grande,Lucida Sans Unicode,Lucida Sans,Garuda,Verdana,Tahoma,sans-serif;font-weight: 100;\"><a href=\"https:\/\/soundcloud.com\/savoie-defemme\" title=\"SaVoie de femme\" target=\"_blank\" style=\"color: #cccccc; text-decoration: none;\" rel=\"noopener\">SaVoie de femme<\/a> \u00b7 <a href=\"https:\/\/soundcloud.com\/savoie-defemme\/marion-svdf-29062023-1827\" title=\"\u00c9pisode 3 : Marion, Intervenante sociale\" target=\"_blank\" style=\"color: #cccccc; text-decoration: none;\" rel=\"noopener\">\u00c9pisode 3 : Marion, Intervenante sociale<\/a><\/div>\n\n\n\n<iframe loading=\"lazy\" width=\"100%\" height=\"166\" scrolling=\"no\" frameborder=\"no\" allow=\"autoplay\" src=\"https:\/\/w.soundcloud.com\/player\/?url=https%3A\/\/api.soundcloud.com\/tracks\/1552976674&#038;color=%23d05300&#038;auto_play=false&#038;hide_related=false&#038;show_comments=true&#038;show_user=true&#038;show_reposts=false&#038;show_teaser=true\"><\/iframe><div style=\"font-size: 10px; color: #cccccc;line-break: anywhere;word-break: normal;overflow: hidden;white-space: nowrap;text-overflow: ellipsis; font-family: Interstate,Lucida Grande,Lucida Sans Unicode,Lucida Sans,Garuda,Verdana,Tahoma,sans-serif;font-weight: 100;\"><a href=\"https:\/\/soundcloud.com\/savoie-defemme\" title=\"SaVoie de femme\" target=\"_blank\" style=\"color: #cccccc; text-decoration: none;\" rel=\"noopener\">SaVoie de femme<\/a> \u00b7 <a href=\"https:\/\/soundcloud.com\/savoie-defemme\/episode-4-anne-intervenante-sociale\" title=\"\u00c9pisode 4 : Anne, Intervenante sociale\" target=\"_blank\" style=\"color: #cccccc; text-decoration: none;\" rel=\"noopener\">\u00c9pisode 4 : Anne, Intervenante sociale<\/a><\/div>\n\n\n\n<iframe loading=\"lazy\" width=\"100%\" height=\"166\" scrolling=\"no\" frameborder=\"no\" allow=\"autoplay\" src=\"https:\/\/w.soundcloud.com\/player\/?url=https%3A\/\/api.soundcloud.com\/tracks\/1705925280&#038;color=%23d05300&#038;auto_play=false&#038;hide_related=false&#038;show_comments=true&#038;show_user=true&#038;show_reposts=false&#038;show_teaser=true\"><\/iframe><div style=\"font-size: 10px; color: #cccccc;line-break: anywhere;word-break: normal;overflow: hidden;white-space: nowrap;text-overflow: ellipsis; font-family: Interstate,Lucida Grande,Lucida Sans Unicode,Lucida Sans,Garuda,Verdana,Tahoma,sans-serif;font-weight: 100;\"><a href=\"https:\/\/soundcloud.com\/savoie-defemme\" title=\"SaVoie de femme\" target=\"_blank\" style=\"color: #cccccc; text-decoration: none;\" rel=\"noopener\">SaVoie de femme<\/a> \u00b7 <a href=\"https:\/\/soundcloud.com\/savoie-defemme\/episode-5-odile-assistante-administrative\" title=\"\u00c9pisode 5 : Odile, Assistante administrative\" target=\"_blank\" style=\"color: #cccccc; text-decoration: none;\" rel=\"noopener\">\u00c9pisode 5 : Odile, Assistante administrative<\/a><\/div>\n\n\n\n<iframe loading=\"lazy\" width=\"100%\" height=\"166\" scrolling=\"no\" frameborder=\"no\" allow=\"autoplay\" src=\"https:\/\/w.soundcloud.com\/player\/?url=https%3A\/\/api.soundcloud.com\/tracks\/1705925997&#038;color=%23d05300&#038;auto_play=false&#038;hide_related=false&#038;show_comments=true&#038;show_user=true&#038;show_reposts=false&#038;show_teaser=true\"><\/iframe><div style=\"font-size: 10px; color: #cccccc;line-break: anywhere;word-break: normal;overflow: hidden;white-space: nowrap;text-overflow: ellipsis; font-family: Interstate,Lucida Grande,Lucida Sans Unicode,Lucida Sans,Garuda,Verdana,Tahoma,sans-serif;font-weight: 100;\"><a href=\"https:\/\/soundcloud.com\/savoie-defemme\" title=\"SaVoie de femme\" target=\"_blank\" style=\"color: #cccccc; text-decoration: none;\" rel=\"noopener\">SaVoie de femme<\/a> \u00b7 <a href=\"https:\/\/soundcloud.com\/savoie-defemme\/sandra-svdf-2-version-1-26092023-1739\" title=\"\u00c9pisode  6 : Sandra, Intervenante sociale\" target=\"_blank\" style=\"color: #cccccc; text-decoration: none;\" rel=\"noopener\">\u00c9pisode  6 : Sandra, Intervenante sociale<\/a><\/div>\n\n\n\n<iframe loading=\"lazy\" width=\"100%\" height=\"166\" scrolling=\"no\" frameborder=\"no\" allow=\"autoplay\" src=\"https:\/\/w.soundcloud.com\/player\/?url=https%3A\/\/api.soundcloud.com\/tracks\/1711433688&#038;color=%23d05300&#038;auto_play=false&#038;hide_related=false&#038;show_comments=true&#038;show_user=true&#038;show_reposts=false&#038;show_teaser=true\"><\/iframe><div style=\"font-size: 10px; color: #cccccc;line-break: anywhere;word-break: normal;overflow: hidden;white-space: nowrap;text-overflow: ellipsis; font-family: Interstate,Lucida Grande,Lucida Sans Unicode,Lucida Sans,Garuda,Verdana,Tahoma,sans-serif;font-weight: 100;\"><a href=\"https:\/\/soundcloud.com\/savoie-defemme\" title=\"SaVoie de femme\" target=\"_blank\" style=\"color: #cccccc; text-decoration: none;\" rel=\"noopener\">SaVoie de femme<\/a> \u00b7 <a href=\"https:\/\/soundcloud.com\/savoie-defemme\/episode-7-louise-stagiaire-educatrice-specialisee\" title=\"\u00c9pisode 7 : Louise, stagiaire \u00e9ducatrice sp\u00e9cialis\u00e9e\" target=\"_blank\" style=\"color: #cccccc; text-decoration: none;\" rel=\"noopener\">\u00c9pisode 7 : Louise, stagiaire \u00e9ducatrice sp\u00e9cialis\u00e9e<\/a><\/div>\n\n\n\n<iframe loading=\"lazy\" width=\"100%\" height=\"166\" scrolling=\"no\" frameborder=\"no\" allow=\"autoplay\" src=\"https:\/\/w.soundcloud.com\/player\/?url=https%3A\/\/api.soundcloud.com\/tracks\/1711437405&#038;color=%23d05300&#038;auto_play=false&#038;hide_related=false&#038;show_comments=true&#038;show_user=true&#038;show_reposts=false&#038;show_teaser=true\"><\/iframe><div style=\"font-size: 10px; color: #cccccc;line-break: anywhere;word-break: normal;overflow: hidden;white-space: nowrap;text-overflow: ellipsis; font-family: Interstate,Lucida Grande,Lucida Sans Unicode,Lucida Sans,Garuda,Verdana,Tahoma,sans-serif;font-weight: 100;\"><a href=\"https:\/\/soundcloud.com\/savoie-defemme\" title=\"SaVoie de femme\" target=\"_blank\" style=\"color: #cccccc; text-decoration: none;\" rel=\"noopener\">SaVoie de femme<\/a> \u00b7 <a href=\"https:\/\/soundcloud.com\/savoie-defemme\/episode-8-la-voix-des-benevoles\" title=\"\u00c9pisode 8 : La voix des b\u00e9n\u00e9voles\" target=\"_blank\" style=\"color: #cccccc; text-decoration: none;\" rel=\"noopener\">\u00c9pisode 8 : La voix des b\u00e9n\u00e9voles<\/a><\/div>\n","protected":false},"excerpt":{"rendered":"<p>Du t\u00e9moignage de la directrice \u00e0 celui des intervenantes sociales, en passant par celui des b\u00e9n\u00e9voles : l&rsquo;association sera pr\u00e9sent\u00e9e sous toutes ces facettes. Ce podcast a \u00e9galement pour but de sensibiliser aux violences au sein du couple et \u00e0 leurs m\u00e9canismes, cons\u00e9quences et impacts sur les victimes. SaVoie de femme \u00b7 \u00c9pisode 1 : Bienvenue sur le podcast de SaVoie de femme SaVoie de femme \u00b7 \u00c9pisode 2 : Nathalie Garrera, Directrice SaVoie de femme \u00b7 \u00c9pisode 3 : Marion, Intervenante sociale SaVoie de femme \u00b7 \u00c9pisode 4 : Anne, Intervenante sociale SaVoie de femme \u00b7 \u00c9pisode 5 : Odile, Assistante administrative SaVoie de femme \u00b7 \u00c9pisode 6 : Sandra, Intervenante sociale SaVoie de femme \u00b7 \u00c9pisode 7 : Louise, stagiaire \u00e9ducatrice sp\u00e9cialis\u00e9e SaVoie de femme \u00b7 \u00c9pisode 8 : La voix des b\u00e9n\u00e9voles<\/p>\n","protected":false},"author":1,"featured_media":0,"parent":0,"menu_order":0,"comment_status":"closed","ping_status":"closed","template":"","meta":{"footnotes":""},"class_list":["post-1451","page","type-page","status-publish","hentry"],"jetpack_sharing_enabled":true,"_links":{"self":[{"href":"https:\/\/savoiedefemme.fr\/index.php\/wp-json\/wp\/v2\/pages\/1451","targetHints":{"allow":["GET"]}}],"collection":[{"href":"https:\/\/savoiedefemme.fr\/index.php\/wp-json\/wp\/v2\/pages"}],"about":[{"href":"https:\/\/savoiedefemme.fr\/index.php\/wp-json\/wp\/v2\/types\/page"}],"author":[{"embeddable":true,"href":"https:\/\/savoiedefemme.fr\/index.php\/wp-json\/wp\/v2\/users\/1"}],"replies":[{"embeddable":true,"href":"https:\/\/savoiedefemme.fr\/index.php\/wp-json\/wp\/v2\/comments?post=1451"}],"version-history":[{"count":8,"href":"https:\/\/savoiedefemme.fr\/index.php\/wp-json\/wp\/v2\/pages\/1451\/revisions"}],"predecessor-version":[{"id":1779,"href":"https:\/\/savoiedefemme.fr\/index.php\/wp-json\/wp\/v2\/pages\/1451\/revisions\/1779"}],"wp:attachment":[{"href":"https:\/\/savoiedefemme.fr\/index.php\/wp-json\/wp\/v2\/media?parent=1451"}],"curies":[{"name":"wp","href":"https:\/\/api.w.org\/{rel}","templated":true}]}}