{"id":1809,"date":"2025-01-23T15:07:16","date_gmt":"2025-01-23T14:07:16","guid":{"rendered":"https:\/\/savoiedefemme.fr\/?page_id=1809"},"modified":"2026-01-15T15:46:16","modified_gmt":"2026-01-15T14:46:16","slug":"prevention-sensibilisation-formation","status":"publish","type":"page","link":"https:\/\/savoiedefemme.fr\/index.php\/prevention-sensibilisation-formation\/","title":{"rendered":"Pr\u00e9vention, sensibilisation, formation"},"content":{"rendered":"\n<p>L\u2019association tient \u00e9galement un r\u00f4le dans&nbsp;<strong>la pr\u00e9vention de la reproduction des attitudes et des actes de violences dans le milieu intra ou extra familial<\/strong>. Cela se traduit par une diffusion de l\u2019<strong>information<\/strong>, la mise en place de&nbsp;<strong>formation<\/strong>&nbsp;ainsi que par la&nbsp;<strong>sensibilisation<\/strong>&nbsp;du grand public. Le but \u00e9tant de donner un maximum de visibilit\u00e9 au probl\u00e8me des violences conjugales sous toutes ses dimensions.<\/p>\n\n\n\n<h2 class=\"wp-block-heading\">Pr\u00e9vention en milieu scolaire<\/h2>\n\n\n\n<p>L&rsquo;une de nos actions pr\u00e9ventions, la <strong>pr\u00e9vention aux violences au sein des relations amoureuses<\/strong><\/p>\n\n\n\n<figure class=\"wp-block-image size-full\"><img loading=\"lazy\" decoding=\"async\" width=\"585\" height=\"322\" src=\"https:\/\/savoiedefemme.fr\/wp-content\/uploads\/2026\/01\/image-1.png\" alt=\"\" class=\"wp-image-1871\" srcset=\"https:\/\/savoiedefemme.fr\/wp-content\/uploads\/2026\/01\/image-1.png 585w, https:\/\/savoiedefemme.fr\/wp-content\/uploads\/2026\/01\/image-1-300x165.png 300w\" sizes=\"auto, (max-width: 585px) 100vw, 585px\" \/><\/figure>\n\n\n\n<p>Au coll\u00e8ge, mais aussi au lyc\u00e9e, nous abordons les violences pouvant \u00eatre rencontr\u00e9es \u00e0 leurs \u00e2ges, dans leurs premi\u00e8res relations. En plusieurs s\u00e9quences, nous parlons des relations saines, formes de violences, cycle de la violence, des mythes qui existent sur les violences, la diff\u00e9rence entre conflit et violence, la jalousie, la possessivit\u00e9 et le contr\u00f4le dans le couple, ce que nous pouvons faire si nous sommes t\u00e9moin de ces violences. <\/p>\n\n\n\n<figure class=\"wp-block-image size-large is-resized\"><img loading=\"lazy\" decoding=\"async\" width=\"1024\" height=\"1024\" src=\"https:\/\/savoiedefemme.fr\/wp-content\/uploads\/2026\/01\/image-2-1024x1024.png\" alt=\"\" class=\"wp-image-1872\" style=\"width:567px;height:auto\" title=\"\u00eatre unune proche.png\" srcset=\"https:\/\/savoiedefemme.fr\/wp-content\/uploads\/2026\/01\/image-2-1024x1024.png 1024w, https:\/\/savoiedefemme.fr\/wp-content\/uploads\/2026\/01\/image-2-300x300.png 300w, https:\/\/savoiedefemme.fr\/wp-content\/uploads\/2026\/01\/image-2-150x150.png 150w, https:\/\/savoiedefemme.fr\/wp-content\/uploads\/2026\/01\/image-2-768x768.png 768w, https:\/\/savoiedefemme.fr\/wp-content\/uploads\/2026\/01\/image-2-75x75.png 75w, https:\/\/savoiedefemme.fr\/wp-content\/uploads\/2026\/01\/image-2.png 1080w\" sizes=\"auto, (max-width: 1024px) 100vw, 1024px\" \/><\/figure>\n\n\n\n<p>Et enfin les ressources dont y ont acc\u00e8s.<\/p>\n\n\n\n<p>En 2025, nous avons fait plus de <strong>30 interventions<\/strong> de pr\u00e9vention aux violences dans les relations amoureuses dans les \u00e9tablissements scolaires de Chamb\u00e9ry et de la Savoie.<\/p>\n\n\n\n<p>Il est important de sensibiliser les jeunes \u00e0 ce th\u00e8me, afin de rep\u00e9rer les comportements et <strong>pouvoir alerter ce qui est ill\u00e9gal<\/strong>, et \u00eatre pr\u00e9sent pour les victimes qui endure les violences. Discuter les fausses croyances qu&rsquo;ils peuvent avoir, c&rsquo;est aussi d\u00e9velopper la r\u00e9flexion.<\/p>\n\n\n\n<figure class=\"wp-block-image size-large is-resized\"><img loading=\"lazy\" decoding=\"async\" width=\"1024\" height=\"585\" src=\"https:\/\/savoiedefemme.fr\/wp-content\/uploads\/2026\/01\/carte-ressources-lyceen-facedos-officiel-1024x585.png\" alt=\"\" class=\"wp-image-1873\" style=\"aspect-ratio:1.7504558478770513;width:564px;height:auto\" srcset=\"https:\/\/savoiedefemme.fr\/wp-content\/uploads\/2026\/01\/carte-ressources-lyceen-facedos-officiel-1024x585.png 1024w, https:\/\/savoiedefemme.fr\/wp-content\/uploads\/2026\/01\/carte-ressources-lyceen-facedos-officiel-300x171.png 300w, https:\/\/savoiedefemme.fr\/wp-content\/uploads\/2026\/01\/carte-ressources-lyceen-facedos-officiel-768x439.png 768w, https:\/\/savoiedefemme.fr\/wp-content\/uploads\/2026\/01\/carte-ressources-lyceen-facedos-officiel.png 1050w\" sizes=\"auto, (max-width: 1024px) 100vw, 1024px\" \/><\/figure>\n\n\n\n<h1 class=\"wp-block-heading\">L\u2019Exposition Photo<\/h1>\n\n\n\n<p>L\u2019artiste photographe&nbsp;<a href=\"https:\/\/www.facebook.com\/ErickBeugnetPhotographe\/\">Erick Beugnet<\/a>&nbsp;nous a offert une s\u00e9rie de portraits de femmes.<\/p>\n\n\n\n<p>Nous souhaitions mettre en valeur des&nbsp;<strong>visages ordinaires qui semblent sereins au premier abord<\/strong>. Des femmes comme on en croise tous les jours dans la rue, au travail ou m\u00eame au sein de notre famille. Des femmes qui ne correspondent pas \u00e0 l\u2019image de la \u00ab&nbsp;<strong>femme battue<\/strong>\u00ab&nbsp;, dont on est loin d\u2019imaginer qu\u2019elles subissent des violences psychologiques, physiques, verbales, sexuelles et\/ou \u00e9conomiques.<\/p>\n\n\n\n<p>Ensemble, nous avons ensuite r\u00e9fl\u00e9chi \u00e0 des paroles souvent prononc\u00e9es par les femmes qui viennent \u00e0 l\u2019association ou \u00e0 des formules maintes fois entendues dans l\u2019opinion publique. Nous avons s\u00e9lectionn\u00e9 des citations qui correspondent \u00e0 des&nbsp;<strong>id\u00e9es re\u00e7ues<\/strong>&nbsp;sur la violence conjugale ou \u00e0 des freins qui dissuadent les femmes \u00e0 quitter leur conjoint.<\/p>\n\n\n\n<p>Associ\u00e9es, photos et citations tentent de questionner le spectateur sur ses id\u00e9es re\u00e7ues sur la violence conjugale : \u00ab&nbsp;suis-je s\u00fbr de ne conna\u00eetre aucune femme susceptible d\u2019en \u00eatre victime ?&nbsp;\u00bb<\/p>\n\n\n\n<p>Cette exposition met ainsi en lumi\u00e8re&nbsp;<strong>le caract\u00e8re ordinaire, quotidien et cach\u00e9 des violences conjugales<\/strong>.<\/p>\n\n\n\n<p>Merci \u00e0 Erick Beugnet !<\/p>\n\n\n\n<p>L\u2019exposition est disponible dans nos locaux (six cadres en verre format A2). N\u2019h\u00e9sitez pas \u00e0 nous contacter si vous \u00eates int\u00e9ress\u00e9-e.<\/p>\n\n\n\n<figure class=\"wp-block-image\"><img loading=\"lazy\" decoding=\"async\" width=\"683\" height=\"1024\" src=\"https:\/\/savoiedefemme.fr\/wp-content\/uploads\/2018\/03\/IMG_4845-683x1024.jpg\" alt=\"\" class=\"wp-image-281\" srcset=\"https:\/\/savoiedefemme.fr\/wp-content\/uploads\/2018\/03\/IMG_4845-683x1024.jpg 683w, https:\/\/savoiedefemme.fr\/wp-content\/uploads\/2018\/03\/IMG_4845-200x300.jpg 200w, https:\/\/savoiedefemme.fr\/wp-content\/uploads\/2018\/03\/IMG_4845-768x1152.jpg 768w, https:\/\/savoiedefemme.fr\/wp-content\/uploads\/2018\/03\/IMG_4845-1140x1710.jpg 1140w\" sizes=\"auto, (max-width: 683px) 100vw, 683px\" \/><\/figure>\n\n\n\n<figure class=\"wp-block-image\"><img loading=\"lazy\" decoding=\"async\" width=\"683\" height=\"1024\" src=\"https:\/\/savoiedefemme.fr\/wp-content\/uploads\/2018\/03\/IMG_4642-683x1024.jpg\" alt=\"\" class=\"wp-image-279\" srcset=\"https:\/\/savoiedefemme.fr\/wp-content\/uploads\/2018\/03\/IMG_4642-683x1024.jpg 683w, https:\/\/savoiedefemme.fr\/wp-content\/uploads\/2018\/03\/IMG_4642-200x300.jpg 200w, https:\/\/savoiedefemme.fr\/wp-content\/uploads\/2018\/03\/IMG_4642-768x1152.jpg 768w, https:\/\/savoiedefemme.fr\/wp-content\/uploads\/2018\/03\/IMG_4642-1140x1710.jpg 1140w\" sizes=\"auto, (max-width: 683px) 100vw, 683px\" \/><\/figure>\n\n\n\n<figure class=\"wp-block-image\"><img loading=\"lazy\" decoding=\"async\" width=\"683\" height=\"1024\" src=\"https:\/\/savoiedefemme.fr\/wp-content\/uploads\/2018\/03\/IMG_4791-683x1024.jpg\" alt=\"\" class=\"wp-image-280\" srcset=\"https:\/\/savoiedefemme.fr\/wp-content\/uploads\/2018\/03\/IMG_4791-683x1024.jpg 683w, https:\/\/savoiedefemme.fr\/wp-content\/uploads\/2018\/03\/IMG_4791-200x300.jpg 200w, https:\/\/savoiedefemme.fr\/wp-content\/uploads\/2018\/03\/IMG_4791-768x1152.jpg 768w, https:\/\/savoiedefemme.fr\/wp-content\/uploads\/2018\/03\/IMG_4791-1140x1710.jpg 1140w\" sizes=\"auto, (max-width: 683px) 100vw, 683px\" \/><\/figure>\n\n\n\n<figure class=\"wp-block-image\"><img loading=\"lazy\" decoding=\"async\" width=\"683\" height=\"1024\" src=\"https:\/\/savoiedefemme.fr\/wp-content\/uploads\/2018\/03\/IMG_4044-683x1024.jpg\" alt=\"\" class=\"wp-image-278\" srcset=\"https:\/\/savoiedefemme.fr\/wp-content\/uploads\/2018\/03\/IMG_4044-683x1024.jpg 683w, https:\/\/savoiedefemme.fr\/wp-content\/uploads\/2018\/03\/IMG_4044-200x300.jpg 200w, https:\/\/savoiedefemme.fr\/wp-content\/uploads\/2018\/03\/IMG_4044-768x1152.jpg 768w, https:\/\/savoiedefemme.fr\/wp-content\/uploads\/2018\/03\/IMG_4044-1140x1710.jpg 1140w\" sizes=\"auto, (max-width: 683px) 100vw, 683px\" \/><\/figure>\n\n\n\n<figure class=\"wp-block-image\"><img loading=\"lazy\" decoding=\"async\" width=\"683\" height=\"1024\" src=\"https:\/\/savoiedefemme.fr\/wp-content\/uploads\/2018\/03\/IMG_4003-683x1024.jpg\" alt=\"\" class=\"wp-image-277\" srcset=\"https:\/\/savoiedefemme.fr\/wp-content\/uploads\/2018\/03\/IMG_4003-683x1024.jpg 683w, https:\/\/savoiedefemme.fr\/wp-content\/uploads\/2018\/03\/IMG_4003-200x300.jpg 200w, https:\/\/savoiedefemme.fr\/wp-content\/uploads\/2018\/03\/IMG_4003-768x1152.jpg 768w, https:\/\/savoiedefemme.fr\/wp-content\/uploads\/2018\/03\/IMG_4003-1140x1710.jpg 1140w\" sizes=\"auto, (max-width: 683px) 100vw, 683px\" \/><\/figure>\n","protected":false},"excerpt":{"rendered":"<p>L\u2019association tient \u00e9galement un r\u00f4le dans&nbsp;la pr\u00e9vention de la reproduction des attitudes et des actes de violences dans le milieu intra ou extra familial. Cela se traduit par une diffusion de l\u2019information, la mise en place de&nbsp;formation&nbsp;ainsi que par la&nbsp;sensibilisation&nbsp;du grand public. Le but \u00e9tant de donner un maximum de visibilit\u00e9 au probl\u00e8me des violences conjugales sous toutes ses dimensions. Pr\u00e9vention en milieu scolaire L&rsquo;une de nos actions pr\u00e9ventions, la pr\u00e9vention aux violences au sein des relations amoureuses Au coll\u00e8ge, mais aussi au lyc\u00e9e, nous abordons les violences pouvant \u00eatre rencontr\u00e9es \u00e0 leurs \u00e2ges, dans leurs premi\u00e8res relations. En plusieurs s\u00e9quences, nous parlons des relations saines, formes de violences, cycle de la violence, des mythes qui existent sur les violences, la diff\u00e9rence entre conflit et violence, la jalousie, la possessivit\u00e9 et le contr\u00f4le dans le couple, ce que nous pouvons faire si nous sommes t\u00e9moin de ces violences. Et enfin les ressources dont y ont acc\u00e8s. En 2025, nous avons fait plus de 30 interventions de pr\u00e9vention aux violences dans les relations amoureuses dans les \u00e9tablissements scolaires de Chamb\u00e9ry et de la Savoie. Il est important de sensibiliser les jeunes \u00e0 ce th\u00e8me, afin de rep\u00e9rer les comportements et pouvoir alerter ce qui est ill\u00e9gal, et \u00eatre pr\u00e9sent pour les victimes qui endure les violences. Discuter les fausses croyances qu&rsquo;ils peuvent avoir, c&rsquo;est aussi d\u00e9velopper la r\u00e9flexion. L\u2019Exposition Photo L\u2019artiste photographe&nbsp;Erick Beugnet&nbsp;nous a offert une s\u00e9rie de portraits de femmes. Nous souhaitions mettre en valeur des&nbsp;visages ordinaires qui semblent sereins au premier abord. Des femmes comme on en croise tous les jours dans la rue, au travail ou m\u00eame au sein de notre famille. Des femmes qui ne correspondent pas \u00e0 l\u2019image de la \u00ab&nbsp;femme battue\u00ab&nbsp;, dont on est loin d\u2019imaginer qu\u2019elles subissent des violences psychologiques, physiques, verbales, sexuelles et\/ou \u00e9conomiques. Ensemble, nous avons ensuite r\u00e9fl\u00e9chi \u00e0 des paroles souvent prononc\u00e9es par les femmes qui viennent \u00e0 l\u2019association ou \u00e0 des formules maintes fois entendues dans l\u2019opinion publique. Nous avons s\u00e9lectionn\u00e9 des citations qui correspondent \u00e0 des&nbsp;id\u00e9es re\u00e7ues&nbsp;sur la violence conjugale ou \u00e0 des freins qui dissuadent les femmes \u00e0 quitter leur conjoint. Associ\u00e9es, photos et citations tentent de questionner le spectateur sur ses id\u00e9es re\u00e7ues sur la violence conjugale : \u00ab&nbsp;suis-je s\u00fbr de ne conna\u00eetre aucune femme susceptible d\u2019en \u00eatre victime ?&nbsp;\u00bb Cette exposition met ainsi en lumi\u00e8re&nbsp;le caract\u00e8re ordinaire, quotidien et cach\u00e9 des violences conjugales. Merci \u00e0 Erick Beugnet ! L\u2019exposition est disponible dans nos locaux (six cadres en verre format A2). N\u2019h\u00e9sitez pas \u00e0 nous contacter si vous \u00eates int\u00e9ress\u00e9-e.<\/p>\n","protected":false},"author":1,"featured_media":0,"parent":0,"menu_order":0,"comment_status":"closed","ping_status":"closed","template":"","meta":{"footnotes":""},"class_list":["post-1809","page","type-page","status-publish","hentry"],"jetpack_sharing_enabled":true,"_links":{"self":[{"href":"https:\/\/savoiedefemme.fr\/index.php\/wp-json\/wp\/v2\/pages\/1809","targetHints":{"allow":["GET"]}}],"collection":[{"href":"https:\/\/savoiedefemme.fr\/index.php\/wp-json\/wp\/v2\/pages"}],"about":[{"href":"https:\/\/savoiedefemme.fr\/index.php\/wp-json\/wp\/v2\/types\/page"}],"author":[{"embeddable":true,"href":"https:\/\/savoiedefemme.fr\/index.php\/wp-json\/wp\/v2\/users\/1"}],"replies":[{"embeddable":true,"href":"https:\/\/savoiedefemme.fr\/index.php\/wp-json\/wp\/v2\/comments?post=1809"}],"version-history":[{"count":6,"href":"https:\/\/savoiedefemme.fr\/index.php\/wp-json\/wp\/v2\/pages\/1809\/revisions"}],"predecessor-version":[{"id":1877,"href":"https:\/\/savoiedefemme.fr\/index.php\/wp-json\/wp\/v2\/pages\/1809\/revisions\/1877"}],"wp:attachment":[{"href":"https:\/\/savoiedefemme.fr\/index.php\/wp-json\/wp\/v2\/media?parent=1809"}],"curies":[{"name":"wp","href":"https:\/\/api.w.org\/{rel}","templated":true}]}}