{"id":255,"date":"2018-03-21T13:21:01","date_gmt":"2018-03-21T12:21:01","guid":{"rendered":"http:\/\/savoiedefemme.fr\/?page_id=255"},"modified":"2018-03-21T14:43:34","modified_gmt":"2018-03-21T13:43:34","slug":"le-film-tous-les-deux-jours","status":"publish","type":"page","link":"https:\/\/savoiedefemme.fr\/index.php\/le-film-tous-les-deux-jours\/","title":{"rendered":"Le film \u00ab\u00a0Tous les deux jours\u00a0\u00bb"},"content":{"rendered":"<p>&nbsp;<\/p>\n<p>En 2016, Brigitte Selva, alors en mission de Service Civique \u00e0 l&rsquo;association, r\u00e9alise le film <strong>\u00ab\u00a0Tous les deux jours\u00a0\u00bb<\/strong>.<\/p>\n<p>Ce film-documentaire est compos\u00e9 de t\u00e9moignages de femmes victimes de violences conjugales qui ont \u00e9t\u00e9 accompagn\u00e9es par l&rsquo;association. Elles reviennent sur leur histoire et les \u00e9tapes qui l&rsquo;ont ponctu\u00e9e, de l&#8217;emprise et la violence quotidienne \u00e0 la reconstruction.<\/p>\n<p>Ce film se donne pour but de montrer la diversit\u00e9 et la complexit\u00e9 des violences conjugales sur le long terme. Ainsi la trame du film suit-elle le fameux cycle des violences conjugales qui met en \u00e9vidence les diff\u00e9rentes phases que les victimes de violences subissent.<\/p>\n<p>Merci \u00e0 ces femmes pour leur courage et leur t\u00e9moignage.<\/p>\n<p>Pour voir le film, <a href=\"https:\/\/www.youtube.com\/watch?v=XJxkE-KLtJ4\">cliquez ici !<\/a><\/p>\n<p>&nbsp;<\/p>\n<p><img loading=\"lazy\" decoding=\"async\" class=\"aligncenter wp-image-263 size-large\" src=\"https:\/\/savoiedefemme.fr\/wp-content\/uploads\/2018\/03\/Tous-les-deux-jours-1024x576.png\" alt=\"\" width=\"960\" height=\"540\" srcset=\"https:\/\/savoiedefemme.fr\/wp-content\/uploads\/2018\/03\/Tous-les-deux-jours-1024x576.png 1024w, https:\/\/savoiedefemme.fr\/wp-content\/uploads\/2018\/03\/Tous-les-deux-jours-300x169.png 300w, https:\/\/savoiedefemme.fr\/wp-content\/uploads\/2018\/03\/Tous-les-deux-jours-768x432.png 768w, https:\/\/savoiedefemme.fr\/wp-content\/uploads\/2018\/03\/Tous-les-deux-jours-1140x641.png 1140w, https:\/\/savoiedefemme.fr\/wp-content\/uploads\/2018\/03\/Tous-les-deux-jours.png 1920w\" sizes=\"auto, (max-width: 960px) 100vw, 960px\" \/><\/p>\n","protected":false},"excerpt":{"rendered":"<p>&nbsp; En 2016, Brigitte Selva, alors en mission de Service Civique \u00e0 l&rsquo;association, r\u00e9alise le film \u00ab\u00a0Tous les deux jours\u00a0\u00bb. Ce film-documentaire est compos\u00e9 de t\u00e9moignages de femmes victimes de violences conjugales qui ont \u00e9t\u00e9 accompagn\u00e9es par l&rsquo;association. Elles reviennent sur leur histoire et les \u00e9tapes qui l&rsquo;ont ponctu\u00e9e, de l&#8217;emprise et la violence quotidienne \u00e0 la reconstruction. Ce film se donne pour but de montrer la diversit\u00e9 et la complexit\u00e9 des violences conjugales sur le long terme. Ainsi la trame du film suit-elle le fameux cycle des violences conjugales qui met en \u00e9vidence les diff\u00e9rentes phases que les victimes de violences subissent. Merci \u00e0 ces femmes pour leur courage et leur t\u00e9moignage. Pour voir le film, cliquez ici ! &nbsp;<\/p>\n","protected":false},"author":1,"featured_media":0,"parent":0,"menu_order":0,"comment_status":"closed","ping_status":"closed","template":"","meta":{"footnotes":""},"class_list":["post-255","page","type-page","status-publish","hentry"],"jetpack_sharing_enabled":true,"_links":{"self":[{"href":"https:\/\/savoiedefemme.fr\/index.php\/wp-json\/wp\/v2\/pages\/255","targetHints":{"allow":["GET"]}}],"collection":[{"href":"https:\/\/savoiedefemme.fr\/index.php\/wp-json\/wp\/v2\/pages"}],"about":[{"href":"https:\/\/savoiedefemme.fr\/index.php\/wp-json\/wp\/v2\/types\/page"}],"author":[{"embeddable":true,"href":"https:\/\/savoiedefemme.fr\/index.php\/wp-json\/wp\/v2\/users\/1"}],"replies":[{"embeddable":true,"href":"https:\/\/savoiedefemme.fr\/index.php\/wp-json\/wp\/v2\/comments?post=255"}],"version-history":[{"count":2,"href":"https:\/\/savoiedefemme.fr\/index.php\/wp-json\/wp\/v2\/pages\/255\/revisions"}],"predecessor-version":[{"id":264,"href":"https:\/\/savoiedefemme.fr\/index.php\/wp-json\/wp\/v2\/pages\/255\/revisions\/264"}],"wp:attachment":[{"href":"https:\/\/savoiedefemme.fr\/index.php\/wp-json\/wp\/v2\/media?parent=255"}],"curies":[{"name":"wp","href":"https:\/\/api.w.org\/{rel}","templated":true}]}}