{"id":945,"date":"2020-12-22T15:26:27","date_gmt":"2020-12-22T14:26:27","guid":{"rendered":"http:\/\/savoiedefemme.fr\/?page_id=945"},"modified":"2021-04-21T12:22:41","modified_gmt":"2021-04-21T10:22:41","slug":"25-novembre-2020","status":"publish","type":"page","link":"https:\/\/savoiedefemme.fr\/index.php\/25-novembre-2020\/","title":{"rendered":"25 Novembre 2020"},"content":{"rendered":"\n<p>En cette ann\u00e9e particuli\u00e8re, SaVoie de Femme se mobilise plus que jamais en cette Journ\u00e9e Internationale pour l&rsquo;\u00e9limination des violences \u00e0 l&rsquo;\u00e9gard des Femmes. <\/p>\n\n\n\n<p>Sous le signe du Orange, une campagne a \u00e9t\u00e9 lanc\u00e9e sur nos r\u00e9seaux sociaux, m\u00ealant portraits, id\u00e9es re\u00e7ues, vid\u00e9os ainsi qu&rsquo;une campagne de dons sur la plateforme Hello Asso. <\/p>\n\n\n\n<p>Mr le Pr\u00e9fet de Savoie ainsi que Mme la d\u00e9l\u00e9gu\u00e9e d\u00e9partementale aux droits de Femmes se sont rendus dans nos locaux le Mercredi 25 Novembre afin de revenir avec les membres de l&rsquo;\u00e9quipe de SaVoie de Femme sur la situation dans le d\u00e9partement. <\/p>\n\n\n\n<figure class=\"wp-block-image size-large\"><img loading=\"lazy\" decoding=\"async\" width=\"718\" height=\"1024\" src=\"https:\/\/savoiedefemme.fr\/wp-content\/uploads\/2020\/12\/Article-Dauphin\u00e9-718x1024.jpg\" alt=\"\" class=\"wp-image-951\" srcset=\"https:\/\/savoiedefemme.fr\/wp-content\/uploads\/2020\/12\/Article-Dauphin\u00e9-718x1024.jpg 718w, https:\/\/savoiedefemme.fr\/wp-content\/uploads\/2020\/12\/Article-Dauphin\u00e9-210x300.jpg 210w, https:\/\/savoiedefemme.fr\/wp-content\/uploads\/2020\/12\/Article-Dauphin\u00e9-768x1096.jpg 768w, https:\/\/savoiedefemme.fr\/wp-content\/uploads\/2020\/12\/Article-Dauphin\u00e9-1076x1536.jpg 1076w, https:\/\/savoiedefemme.fr\/wp-content\/uploads\/2020\/12\/Article-Dauphin\u00e9-1140x1627.jpg 1140w, https:\/\/savoiedefemme.fr\/wp-content\/uploads\/2020\/12\/Article-Dauphin\u00e9.jpg 1204w\" sizes=\"auto, (max-width: 718px) 100vw, 718px\" \/><\/figure>\n\n\n\n<p><\/p>\n","protected":false},"excerpt":{"rendered":"<p>En cette ann\u00e9e particuli\u00e8re, SaVoie de Femme se mobilise plus que jamais en cette Journ\u00e9e Internationale pour l&rsquo;\u00e9limination des violences \u00e0 l&rsquo;\u00e9gard des Femmes. Sous le signe du Orange, une campagne a \u00e9t\u00e9 lanc\u00e9e sur nos r\u00e9seaux sociaux, m\u00ealant portraits, id\u00e9es re\u00e7ues, vid\u00e9os ainsi qu&rsquo;une campagne de dons sur la plateforme Hello Asso. Mr le Pr\u00e9fet de Savoie ainsi que Mme la d\u00e9l\u00e9gu\u00e9e d\u00e9partementale aux droits de Femmes se sont rendus dans nos locaux le Mercredi 25 Novembre afin de revenir avec les membres de l&rsquo;\u00e9quipe de SaVoie de Femme sur la situation dans le d\u00e9partement.<\/p>\n","protected":false},"author":1,"featured_media":0,"parent":0,"menu_order":0,"comment_status":"closed","ping_status":"closed","template":"","meta":{"footnotes":""},"class_list":["post-945","page","type-page","status-publish","hentry"],"jetpack_sharing_enabled":true,"_links":{"self":[{"href":"https:\/\/savoiedefemme.fr\/index.php\/wp-json\/wp\/v2\/pages\/945","targetHints":{"allow":["GET"]}}],"collection":[{"href":"https:\/\/savoiedefemme.fr\/index.php\/wp-json\/wp\/v2\/pages"}],"about":[{"href":"https:\/\/savoiedefemme.fr\/index.php\/wp-json\/wp\/v2\/types\/page"}],"author":[{"embeddable":true,"href":"https:\/\/savoiedefemme.fr\/index.php\/wp-json\/wp\/v2\/users\/1"}],"replies":[{"embeddable":true,"href":"https:\/\/savoiedefemme.fr\/index.php\/wp-json\/wp\/v2\/comments?post=945"}],"version-history":[{"count":2,"href":"https:\/\/savoiedefemme.fr\/index.php\/wp-json\/wp\/v2\/pages\/945\/revisions"}],"predecessor-version":[{"id":952,"href":"https:\/\/savoiedefemme.fr\/index.php\/wp-json\/wp\/v2\/pages\/945\/revisions\/952"}],"wp:attachment":[{"href":"https:\/\/savoiedefemme.fr\/index.php\/wp-json\/wp\/v2\/media?parent=945"}],"curies":[{"name":"wp","href":"https:\/\/api.w.org\/{rel}","templated":true}]}}