{"id":966,"date":"2021-04-20T12:26:59","date_gmt":"2021-04-20T10:26:59","guid":{"rendered":"http:\/\/savoiedefemme.fr\/?page_id=966"},"modified":"2021-06-04T12:25:55","modified_gmt":"2021-06-04T10:25:55","slug":"__trashed","status":"publish","type":"page","link":"https:\/\/savoiedefemme.fr\/index.php\/__trashed\/","title":{"rendered":"B\u00e9n\u00e9volat\/Adh\u00e9sion"},"content":{"rendered":"\n<figure class=\"wp-block-image size-large is-resized\"><img loading=\"lazy\" decoding=\"async\" src=\"https:\/\/savoiedefemme.fr\/wp-content\/uploads\/2021\/06\/Besoin-de-vous.png\" alt=\"\" class=\"wp-image-1102\" width=\"671\" height=\"377\" srcset=\"https:\/\/savoiedefemme.fr\/wp-content\/uploads\/2021\/06\/Besoin-de-vous.png 560w, https:\/\/savoiedefemme.fr\/wp-content\/uploads\/2021\/06\/Besoin-de-vous-300x169.png 300w\" sizes=\"auto, (max-width: 671px) 100vw, 671px\" \/><\/figure>\n\n\n\n<p>Vous \u00eates actif\/ve ? Retrait\u00e9-e ? \u00c9tudiant-e ?<\/p>\n\n\n\n<p>Vous avez du temps libre ou \u00eates disponible de temps en temps&nbsp; ?<\/p>\n\n\n\n<p>Les violences faites aux femmes vous touchent ? Vous r\u00e9voltent ?<\/p>\n\n\n\n<p><strong>Vous \u00eates int\u00e9ress\u00e9-e par :<\/strong><\/p>\n\n\n\n<ul class=\"wp-block-list\"><li>L\u2019accueil&nbsp;et&nbsp;l\u2019\u00e9coute&nbsp;active et bienveillante des&nbsp;femmes&nbsp;victimes&nbsp;de&nbsp;violences&nbsp;conjugales<\/li><li>L\u2019aide&nbsp;administrative et comptable aux&nbsp;associations<\/li><li>La&nbsp;communication&nbsp;:&nbsp;visuels,&nbsp;action&nbsp;publique,&nbsp;contact&nbsp;avec&nbsp;la&nbsp;presse,&nbsp;recherche&nbsp;de&nbsp;financements\u2026<\/li><li>La&nbsp;sensibilisation&nbsp;du&nbsp;public&nbsp;aux&nbsp;violences&nbsp;conjugales (r\u00e9daction d\u2019articles, veille de la presse, animation des r\u00e9seaux&nbsp;sociaux\u2026)<\/li><\/ul>\n\n\n\n<p>Vous aimeriez faire partie d\u2019une \u00e9quipe soud\u00e9e et bienveillante ?<\/p>\n\n\n\n<p>Vous souhaitez contribuer au bon fonctionnement de notre association ?<\/p>\n\n\n\n<p><strong>Il y a plusieurs mani\u00e8res de nous soutenir dans notre lutte :<\/strong><\/p>\n\n\n\n<ul class=\"wp-block-list\"><li>Devenir b\u00e9n\u00e9vole au sein de l\u2019accueil de jour<\/li><li>Devenir b\u00e9n\u00e9vole pour assurer une meilleure visibilit\u00e9 de l\u2019association, une pr\u00e9sence sur les r\u00e9seaux sociaux, sur des \u00e9v\u00e9nements pour repr\u00e9senter notre association : Projection de film etc<\/li><li>Participer \u00e0 notre recherche de partenariat pour rayonner sur le territoire de la Savoie afin de tisser des liens forts avec les acteurs et actrices.<\/li><li>Devenir adh\u00e9rent.e de l\u2019association, pour faire entendre votre voix et soutenir l\u2019association.<\/li><\/ul>\n\n\n\n<p><\/p>\n\n\n\n<p><strong>Tout savoir sur les adh\u00e9sions:<\/strong><\/p>\n\n\n\n<p><a href=\"https:\/\/www.helloasso.com\/associations\/savoie-de-femme\/adhesions\/adherez\">Cliquez ici pour adh\u00e9rer \u00e0 SaVoie de Femme<\/a><\/p>\n\n\n\n<p>Il est \u00e9galement possible d&rsquo;adh\u00e9rer \u00e0 SaVoie de Femme en envoyant <strong>un ch\u00e8que par courriel<\/strong> \u00e0 l&rsquo;association ou en venant directement sur place. <\/p>\n\n\n\n<p><\/p>\n\n\n\n<p><\/p>\n\n\n\n<p>Vous souhaitez mettre \u00e0 disposition vos comp\u00e9tences ou tout simplement un peu de votre temps,&nbsp;<strong>contactez-nous<\/strong>&nbsp;!<\/p>\n\n\n\n<p>Nous trouverons&nbsp;<strong>ensemble<\/strong>&nbsp;la meilleure fa\u00e7on de vous impliquer dans notre vie associative.<\/p>\n\n\n\n<p>Contactez-nous au&nbsp;04-79-85-53-68 ou \u00e0 contact@savoiedefemme.fr<\/p>\n","protected":false},"excerpt":{"rendered":"<p>Vous \u00eates actif\/ve ? Retrait\u00e9-e ? \u00c9tudiant-e ? Vous avez du temps libre ou \u00eates disponible de temps en temps&nbsp; ? Les violences faites aux femmes vous touchent ? Vous r\u00e9voltent ? Vous \u00eates int\u00e9ress\u00e9-e par : L\u2019accueil&nbsp;et&nbsp;l\u2019\u00e9coute&nbsp;active et bienveillante des&nbsp;femmes&nbsp;victimes&nbsp;de&nbsp;violences&nbsp;conjugales L\u2019aide&nbsp;administrative et comptable aux&nbsp;associations La&nbsp;communication&nbsp;:&nbsp;visuels,&nbsp;action&nbsp;publique,&nbsp;contact&nbsp;avec&nbsp;la&nbsp;presse,&nbsp;recherche&nbsp;de&nbsp;financements\u2026 La&nbsp;sensibilisation&nbsp;du&nbsp;public&nbsp;aux&nbsp;violences&nbsp;conjugales (r\u00e9daction d\u2019articles, veille de la presse, animation des r\u00e9seaux&nbsp;sociaux\u2026) Vous aimeriez faire partie d\u2019une \u00e9quipe soud\u00e9e et bienveillante ? Vous souhaitez contribuer au bon fonctionnement de notre association ? Il y a plusieurs mani\u00e8res de nous soutenir dans notre lutte : Devenir b\u00e9n\u00e9vole au sein de l\u2019accueil de jour Devenir b\u00e9n\u00e9vole pour assurer une meilleure visibilit\u00e9 de l\u2019association, une pr\u00e9sence sur les r\u00e9seaux sociaux, sur des \u00e9v\u00e9nements pour repr\u00e9senter notre association : Projection de film etc Participer \u00e0 notre recherche de partenariat pour rayonner sur le territoire de la Savoie afin de tisser des liens forts avec les acteurs et actrices. Devenir adh\u00e9rent.e de l\u2019association, pour faire entendre votre voix et soutenir l\u2019association. Tout savoir sur les adh\u00e9sions: Cliquez ici pour adh\u00e9rer \u00e0 SaVoie de Femme Il est \u00e9galement possible d&rsquo;adh\u00e9rer \u00e0 SaVoie de Femme en envoyant un ch\u00e8que par courriel \u00e0 l&rsquo;association ou en venant directement sur place. Vous souhaitez mettre \u00e0 disposition vos comp\u00e9tences ou tout simplement un peu de votre temps,&nbsp;contactez-nous&nbsp;! Nous trouverons&nbsp;ensemble&nbsp;la meilleure fa\u00e7on de vous impliquer dans notre vie associative. Contactez-nous au&nbsp;04-79-85-53-68 ou \u00e0 contact@savoiedefemme.fr<\/p>\n","protected":false},"author":1,"featured_media":0,"parent":0,"menu_order":0,"comment_status":"closed","ping_status":"closed","template":"","meta":{"footnotes":""},"class_list":["post-966","page","type-page","status-publish","hentry"],"jetpack_sharing_enabled":true,"_links":{"self":[{"href":"https:\/\/savoiedefemme.fr\/index.php\/wp-json\/wp\/v2\/pages\/966","targetHints":{"allow":["GET"]}}],"collection":[{"href":"https:\/\/savoiedefemme.fr\/index.php\/wp-json\/wp\/v2\/pages"}],"about":[{"href":"https:\/\/savoiedefemme.fr\/index.php\/wp-json\/wp\/v2\/types\/page"}],"author":[{"embeddable":true,"href":"https:\/\/savoiedefemme.fr\/index.php\/wp-json\/wp\/v2\/users\/1"}],"replies":[{"embeddable":true,"href":"https:\/\/savoiedefemme.fr\/index.php\/wp-json\/wp\/v2\/comments?post=966"}],"version-history":[{"count":11,"href":"https:\/\/savoiedefemme.fr\/index.php\/wp-json\/wp\/v2\/pages\/966\/revisions"}],"predecessor-version":[{"id":1104,"href":"https:\/\/savoiedefemme.fr\/index.php\/wp-json\/wp\/v2\/pages\/966\/revisions\/1104"}],"wp:attachment":[{"href":"https:\/\/savoiedefemme.fr\/index.php\/wp-json\/wp\/v2\/media?parent=966"}],"curies":[{"name":"wp","href":"https:\/\/api.w.org\/{rel}","templated":true}]}}

Bénévolat/Adhésion

<figure class="wp-block-image size-large is-resized"><img loading="lazy" decoding="async" src="https://savoiedefemme.fr/wp-content/uploads/2021/06/Besoin-de-vous.png" alt="" class="wp-image-1102" width="671" height="377" srcset="https://savoiedefemme.fr/wp-content/uploads/2021/06/Besoin-de-vous.png 560w, https://savoiedefemme.fr/wp-content/uploads/2021/06/Besoin-de-vous-300x169.png 300w" sizes="auto, (max-width: 671px) 100vw, 671px" /></figure>



<p>Vous êtes actif/ve ? Retraité-e ? Étudiant-e ?</p>



<p>Vous avez du temps libre ou êtes disponible de temps en temps&nbsp; ?</p>



<p>Les violences faites aux femmes vous touchent ? Vous révoltent ?</p>



<p><strong>Vous êtes intéressé-e par :</strong></p>



<ul class="wp-block-list"><li>L’accueil&nbsp;et&nbsp;l’écoute&nbsp;active et bienveillante des&nbsp;femmes&nbsp;victimes&nbsp;de&nbsp;violences&nbsp;conjugales</li><li>L’aide&nbsp;administrative et comptable aux&nbsp;associations</li><li>La&nbsp;communication&nbsp;:&nbsp;visuels,&nbsp;action&nbsp;publique,&nbsp;contact&nbsp;avec&nbsp;la&nbsp;presse,&nbsp;recherche&nbsp;de&nbsp;financements…</li><li>La&nbsp;sensibilisation&nbsp;du&nbsp;public&nbsp;aux&nbsp;violences&nbsp;conjugales (rédaction d’articles, veille de la presse, animation des réseaux&nbsp;sociaux…)</li></ul>



<p>Vous aimeriez faire partie d’une équipe soudée et bienveillante ?</p>



<p>Vous souhaitez contribuer au bon fonctionnement de notre association ?</p>



<p><strong>Il y a plusieurs manières de nous soutenir dans notre lutte :</strong></p>



<ul class="wp-block-list"><li>Devenir bénévole au sein de l’accueil de jour</li><li>Devenir bénévole pour assurer une meilleure visibilité de l’association, une présence sur les réseaux sociaux, sur des événements pour représenter notre association : Projection de film etc</li><li>Participer à notre recherche de partenariat pour rayonner sur le territoire de la Savoie afin de tisser des liens forts avec les acteurs et actrices.</li><li>Devenir adhérent.e de l’association, pour faire entendre votre voix et soutenir l’association.</li></ul>



<p></p>



<p><strong>Tout savoir sur les adhésions:</strong></p>



<p><a href="https://www.helloasso.com/associations/savoie-de-femme/adhesions/adherez">Cliquez ici pour adhérer à SaVoie de Femme</a></p>



<p>Il est également possible d&rsquo;adhérer à SaVoie de Femme en envoyant <strong>un chèque par courriel</strong> à l&rsquo;association ou en venant directement sur place. </p>



<p></p>



<p></p>



<p>Vous souhaitez mettre à disposition vos compétences ou tout simplement un peu de votre temps,&nbsp;<strong>contactez-nous</strong>&nbsp;!</p>



<p>Nous trouverons&nbsp;<strong>ensemble</strong>&nbsp;la meilleure façon de vous impliquer dans notre vie associative.</p>



<p>Contactez-nous au&nbsp;04-79-85-53-68 ou à contact@savoiedefemme.fr</p>

<p>Vous êtes actif/ve ? Retraité-e ? Étudiant-e ? Vous avez du temps libre ou êtes disponible de temps en temps&nbsp; ? Les violences faites aux femmes vous touchent ? Vous révoltent ? Vous êtes intéressé-e par : L’accueil&nbsp;et&nbsp;l’écoute&nbsp;active et bienveillante des&nbsp;femmes&nbsp;victimes&nbsp;de&nbsp;violences&nbsp;conjugales L’aide&nbsp;administrative et comptable aux&nbsp;associations La&nbsp;communication&nbsp;:&nbsp;visuels,&nbsp;action&nbsp;publique,&nbsp;contact&nbsp;avec&nbsp;la&nbsp;presse,&nbsp;recherche&nbsp;de&nbsp;financements… La&nbsp;sensibilisation&nbsp;du&nbsp;public&nbsp;aux&nbsp;violences&nbsp;conjugales (rédaction d’articles, veille de la presse, animation des réseaux&nbsp;sociaux…) Vous aimeriez faire partie d’une équipe soudée et bienveillante ? Vous souhaitez contribuer au bon fonctionnement de notre association ? Il y a plusieurs manières de nous soutenir dans notre lutte : Devenir bénévole au sein de l’accueil de jour Devenir bénévole pour assurer une meilleure visibilité de l’association, une présence sur les réseaux sociaux, sur des événements pour représenter notre association : Projection de film etc Participer à notre recherche de partenariat pour rayonner sur le territoire de la Savoie afin de tisser des liens forts avec les acteurs et actrices. Devenir adhérent.e de l’association, pour faire entendre votre voix et soutenir l’association. Tout savoir sur les adhésions: Cliquez ici pour adhérer à SaVoie de Femme Il est également possible d&rsquo;adhérer à SaVoie de Femme en envoyant un chèque par courriel à l&rsquo;association ou en venant directement sur place. Vous souhaitez mettre à disposition vos compétences ou tout simplement un peu de votre temps,&nbsp;contactez-nous&nbsp;! Nous trouverons&nbsp;ensemble&nbsp;la meilleure façon de vous impliquer dans notre vie associative. Contactez-nous au&nbsp;04-79-85-53-68 ou à contact@savoiedefemme.fr</p>
